 Let x(i) = 6*l(i) + t(i). Let v be x(-9). Suppose -620 - v = -4*y. Is y prime?
False
Suppose 0 = -f + 3*r + 8681, 2*f + 43369 = 7*f + 3*r. Suppose f + 10432 = 9*o. Is o prime?
False
Let w = -132 - -162. Suppose -6 = -9*i + w. Suppose -4029 = -2*f + z, -3*f = i*z - 4885 - 1186. Is f a prime number?
True
Let g = 12142 + 161835. Is g prime?
True
Suppose 2*h = 5*h. Let z(k) = -k**3 + 20*k**2 - 3*k + 63. Let f be z(20). Suppose f*s = -h*s + 2721. Is s a composite number?
False
Suppose -4*q + 2*a + 22 = 0, 0 = 9*q - 14*q + 2*a + 25. Suppose -2*w = -w - 4, 5*w = q*f - 26419. Is f a prime number?
False
Let c be 0 + 5 + -6 - (-25)/(-1). Let v = 35 + c. Suppose -66 = 6*g - v*g. Is g a composite number?
True
Let t(y) = 8964*y**3 + 21*y**2 - 46*y - 3. Is t(2) a composite number?
True
Let g = 309845 - 149982. Is g composite?
True
Let a be (-6 - -1)*(-42)/30. Suppose 3913 = a*s - 6153. Is s a composite number?
True
Let o(t) = 16*t**3 - 8*t**2 - 29*t - 1. Is o(22) a composite number?
False
Suppose 5*f - 1047 = -3*u + 215, -5*f - 5*u = -1260. Let v = -158 + f. Is v composite?
True
Suppose 0 = -g + 62938 + 12811. Is g composite?
True
Suppose 575532 = 29*o - 707138. Suppose -14*c = -159912 + o. Is c composite?
False
Let o = -23998 + 1612. Let f = -10117 - o. Is f a prime number?
True
Let r(p) = 20395*p**2 - 137*p - 193. Is r(-6) a composite number?
False
Let z(a) = 2*a + 33. Suppose -3*m = -12, h = -4*h + 2*m - 83. Let p be z(h). Suppose -4*v - 3*b = -1022, -p*v + 721 = -3*b - 56. Is v a composite number?
False
Let q = -237721 + 752894. Is q composite?
False
Suppose -r = -40*w + 37*w - 153334, -2*r - 4*w = -306598. Is r a prime number?
True
Is 6/(-21) + (-1 - -2)/((-98)/(-42205002)) composite?
False
Let y(c) = 14*c**3 + c**3 - 12*c + 5 + 4*c**2 - 6 - 4*c**3. Let b(a) = -a + 1. Let g be b(-3). Is y(g) prime?
True
Let h be -1*1/1 - (-56)/28. Is (-3)/7 - h*447632/(-56) a prime number?
True
Let s(r) be the third derivative of 8*r**6/3 - r**5/30 + r**4/2 - 19*r**3/6 - 7*r**2 - 5*r. Is s(2) prime?
True
Suppose 5*b = 3*b - 8. Let q(t) = -2*t - 5. Let w be q(b). Is w*(-16)/(-12)*(-449)/(-4) prime?
True
Let c(f) = 94*f**2 + 66*f - 1397. Is c(45) composite?
True
Let h be ((-2)/6)/((-3)/(-18)*-2). Let y be (-92)/(h - 147/141). Suppose 5*n = -5*x + 8685, -4*x = -3*n + y + 3021. Is n prime?
True
Let t = 444781 + -106278. Is t composite?
True
Suppose b + 5*w - 15 = -2*b, w - 37 = -4*b. Is b/(6*(-4)/(-708)) a composite number?
True
Let r(h) = 10*h**2 - 52*h + 8. Let j be r(5). Let t(o) be the second derivative of -497*o**3/3 - o**2/2 + o. Is t(j) prime?
True
Suppose 61*o - 6792 = 58*o. Suppose -2*c - z + 1137 = 0, -4*c = -0*c + 4*z - o. Is c prime?
True
Is -1*6 + ((-28474)/(-92))/((-1)/(-302)) a prime number?
True
Suppose 2*p + 5*c = 108459, -2*p + 3*p + 3*c - 54232 = 0. Is p a composite number?
False
Suppose -5*o = 4*y - 2566400, 2*y + 1126*o = 1121*o + 1283190. Is y composite?
True
Let q be 13392/28 - (-5)/((-35)/2). Let i = q - -489. Is i a prime number?
True
Let k(j) = j**3 + 5*j**2 - 2*j - 6. Let g be k(-5). Let t(q) = 228*q + 9. Let v(s) = 453*s + 19. Let i(c) = -7*t(c) + 4*v(c). Is i(g) composite?
False
Let y(b) be the third derivative of -1/6*b**3 + 15*b**2 - 59/6*b**4 + 0 + 0*b. Is y(-4) prime?
False
Suppose 2*z = -2*d + 282538, -z = 2*d + d - 141281. Is z composite?
False
Suppose 30*h + 5*h - 175105 = 0. Let x = h - 966. Is x a composite number?
True
Let l(f) = -2*f**2 - 2*f - 6*f**2 + 5 + f**3 - 1. Suppose p - 12 = c, 11*c + 39 = 3*p + 7*c. Is l(p) a composite number?
False
Let z be -1 + -1 - 10/(-5). Suppose 2*i + 2 = 0, l + i - 325 = -z*l. Suppose -5*r - l = -4*x, 4*x - 6*r - 322 = -3*r. Is x a composite number?
False
Suppose -4*d + 3*t = -0*t - 12247, 0 = -4*d - 2*t + 12242. Suppose 2*l + 3*l + b = d, -2*b = -3*l + 1847. Is l prime?
True
Let u(a) = 2*a**3 - 5*a + 10. Let v be (12 - 24)/(0 + (-4)/(-6)). Let n = 23 + v. Is u(n) a prime number?
False
Let m = -6 - -2. Let l = -251 - -214. Let b = m - l. Is b composite?
True
Let c = 431897 + -240298. Is c composite?
False
Let l be 8/(-28) - (2 + (-27178)/14). Suppose p + 3893 = 4*g - 2*g, g = 2*p + l. Is g a composite number?
False
Let r(j) = -182*j**3 - j**2 - 421*j**3 + 4 + 88*j**3 + 2*j. Let z be r(-2). Suppose 0 = -5*f + 1639 + z. Is f composite?
False
Let y(h) = -h**2 - 4*h - 5. Let k be y(-4). Suppose -733*i = -745*i + 72. Is ((-17)/k - 3)*(i + 59) prime?
False
Let l = -54 - -58. Let t(x) = -1 - 62*x - 3 + 5 + l. Is t(-3) prime?
True
Let a(v) = -2616*v - 155. Is a(-21) a composite number?
True
Suppose -6*u + 8 + 10 = 0. Suppose -u*y = -q - 6650, 5*q = 3*y - 0*q - 6634. Is y prime?
False
Suppose -3*t = -2*t - 5, -2*r = -4*t - 308. Let m = r - 114. Suppose m*i - 55*i = -635. Is i a prime number?
True
Let d(f) = 5*f**2 + 55*f + 58. Let y be d(37). Let h = 18089 - y. Is h a composite number?
False
Is 2/(-3)*(-5630736)/32 a prime number?
True
Let v(c) = 1089*c**2 - 202*c + 405. Is v(2) prime?
True
Let g = -19 + 18. Let y = 1 - g. Suppose y*d - 257 = d. Is d composite?
False
Let y(m) be the first derivative of m**4/4 + 10*m**3/3 + m**2/2 + 4*m + 11. Let r be y(-10). Is 13761/r*(11/(-3) + 3) composite?
True
Let o(p) = -p**2 + 3*p + 18. Let a(y) = y. Let f(x) = -5*a(x) + o(x). Let t be f(0). Let c(l) = 2*l**2 - 13*l + 37. Is c(t) prime?
False
Suppose -4*t + 25 - 13 = 0. Suppose 4*r - 63 = r. Suppose -r = -2*i - t. Is i a composite number?
True
Let h = 243684 - 101218. Is h a prime number?
False
Let h = 309208 - 140229. Is h prime?
False
Suppose 40 = 146*y - 136*y. Suppose -5*i = f - 4253, -7*f = -y*f + 3*i - 12771. Is f composite?
True
Let u(r) be the third derivative of 2327*r**5/10 - r**4/8 - r**3/3 + 3*r**2 - 9*r. Is u(-1) a composite number?
False
Let o = -18459 + 36896. Is o prime?
False
Let u(w) = 2*w**2 + 12*w + 5. Let r be u(-6). Suppose -29 = 2*y - r*i - 4, -2*i = 2*y + 4. Let a(b) = -3*b**3 + 8*b**2 + 6*b + 12. Is a(y) a prime number?
True
Let v(r) = 149*r**2 + 32*r + 73. Is v(-3) a composite number?
True
Suppose 278931 = 86*p - 393503. Is p prime?
False
Suppose 4*o = -2*v + 36, -o = 4*o + 4*v - 48. Suppose 4*a - o*a + 35857 = 3*l, -5*a + 44795 = -5*l. Is a composite?
True
Suppose 258*j + 2208312 = 282*j. Is j a prime number?
False
Let g(b) = -b**2 - b + 37. Let m be g(0). Suppose -3*h - 215 = u + m, -4*u + 154 = -2*h. Let o = 590 - h. Is o composite?
False
Let b = -144 - -146. Suppose -483 - 5113 = -b*x. Is x composite?
True
Suppose 46*t - 44*t + 6 = 0, s + t = 319. Suppose 0 = -3*i + s + 3101. Is i a prime number?
False
Suppose -590 = -d + 5*o, 3*d = -20*o + 22*o + 1770. Let q = 1176 - d. Is q prime?
False
Suppose 9*s = -l + 7*s + 2876, -3*l = 3*s - 8631. Suppose 3*u + 4*o = 2882, -10*o - l = -3*u - 12*o. Is u a prime number?
False
Let f = -9986 - -19415. Let v = f + 6586. Is v composite?
True
Suppose 5*w + 24 = 4*n - 11, 3*w + 19 = 2*n. Suppose -28*v - 9*v = 222. Is 696 - ((w - -8) + v) composite?
True
Let s be 50/(72/45 + 4/10). Let y be 20/s + (-13776)/20 + 0. Let a = 1007 + y. Is a a composite number?
True
Suppose -5*x + 4*t = 1110, 4*t = 3*x + 2*t + 664. Let s = 735 - x. Is s a prime number?
True
Let q = -77535 + 167162. Is q composite?
False
Let k(r) = 73991*r**2 + 79*r + 233. Is k(-3) a composite number?
True
Let j = -411 + 415. Suppose s + 34529 = 5*r - 7561, -j*r + 4*s + 33656 = 0. Is r composite?
False
Let o = -40 - -57. Let k(i) = -i**3 + 23*i - 45 + 0*i**3 + 5*i**2 + 9*i**2 + 5 + 5*i**2. Is k(o) composite?
False
Let j be (-4)/14 + (-2990)/70. Let k = j + 597. Let q = k - 267. Is q a composite number?
True
Suppose -92 = -3*b - 17. Suppose 0 = 9*a - b - 2. Is (541/a)/((-2)/(-6)) a prime number?
True
Let u(c) = 2220*c**3 + 7*c**2 + 13*c - 103. Is u(5) a composite number?
False
Let i = 94 - 179. Let r be (0 + -30)*(-3536)/i. Let b = 2501 + r. Is b a prime number?
False
Let p = 0 - 0. Suppose -31 = -9*a + 5. Suppose p = -a*z + 5480 - 444. Is z a prime number?
True
Suppose 0 = -2*r + 3*u - 311, 0 = 4*r - 3*r - u + 157. Is -4*1733/10*r/64 a composite number?
False
Let s be ((-25)/5 + 183)*10 - 5. Let g = 3252 - s. Is g a prime number?
False
Suppose -15*h + 68152 = -17438. Is 3*2/(-4)*h/(-27) prime?
True
Let x = -272 + 300. Let p(k) = -2*k**3 + 60*k**2 + 29*k + 19. Is p(x) prime?
True
Let i(h) = h